ed by 48.
47
Calculate the remainder when 845 is divided by 176.
141
What is the remainder when 950 is divided by 28?
26
What is the remainder when 1605 is divided by 11?
10
What is the remainder when 2877 is divided by 46?
25
What is the remainder when 9228 is divided by 19?
13
Calculate the remainder when 137 is divided by 69.
68
What is the remainder when 6000 is divided by 1996?
12
What is the remainder when 91 is divided by 16?
11
What is the remainder when 322 is divided by 81?
79
What is the remainder when 800 is divided by 15?
5
Calculate the remainder when 250 is divided by 8.
2
What is the remainder when 214 is divided by 108?
106
What is the remainder when 128 is divided by 34?
26
What is the remainder when 1665 is divided by 17?
16
Calculate the remainder when 235 is divided by 12.
7
What is the remainder when 427 is divided by 83?
12
Calculate the remainder when 2650 is divided by 51.
49
What is the remainder when 124 is divided by 16?
12
Calculate the remainder when 1491 is divided by 44.
39
Calculate the remainder when 1513 is divided by 76.
69
Calculate the remainder when 2386 is divided by 25.
11
Calculate the remainder when 246 is divided by 103.
40
What is the remainder when 647 is divided by 319?
9
Calculate the remainder when 1296 is divided by 19.
4
What is the remainder when 6713 is divided by 22?
3
What is the remainder when 150 is divided by 14?
10
Calculate the remainder when 42 is divided by 20.
2
Calculate the remainder when 1540 is divided by 32.
4
What is the remainder when 333 is divided by 160?
13
Calculate the remainder when 8200 is divided by 38.
30
Calculate the remainder when 97 is divided by 35.
27
What is the remainder when 233 is divided by 39?
38
What is the remainder when 158 is divided by 41?
35
What is the remainder when 86 is divided by 37?
12
What is the remainder when 383 is divided by 64?
63
Calculate the remainder when 307 is divided by 81.
64
Calculate the remainder when 869 is divided by 13.
11
What is the remainder when 130 is divided by 41?
7
Calculate the remainder when 1035 is divided by 340.
15
What is the remainder when 24185 is divided by 361?
359
What is the remainder when 170 is divided by 50?
20
What is the remainder when 454 is divided by 93?
82
What is the remainder when 3799 is divided by 103?
91
What is the remainder when 489 is divided by 157?
18
Calculate the remainder when 304 is divided by 45.
34
What is the remainder when 974 is divided by 272?
158
What is the remainder when 710 is divided by 241?
228
Calculate the remainder when 73 is divided by 62.
11
Calculate the remainder when 50 is divided by 27.
23
Calculate the remainder when 425 is divided by 27.
20
Calculate the remainder when 99 is divided by 6.
3
Calculate the remainder when 714 is divided by 186.
156
Calculate the remainder when 74 is divided by 10.
4
Calculate the remainder when 86 is divided by 20.
6
What is the remainder when 2376 is divided by 239?
225
What is the remainder when 2543 is divided by 4?
3
What is the remainder when 316 is divided by 16?
12
What is the remainder when 972 is divided by 243?
0
Calculate the remainder when 4317 is divided by 90.
87
What is the remainder when 19159 is divided by 143?
140
Calculate the remainder when 248 is divided by 171.
77
Calculate the remainder when 79 is divided by 29.
21
Calculate the remainder when 4423 is divided by 56.
55
What is the remainder when 115 is divided by 27?
7
What is the remainder when 1086 is divided by 90?
6
Calculate the remainder when 230 is divided by 104.
22
Calculate the remainder when 291 is divided by 49.
46
What is the remainder when 630 is divided by 221?
188
What is the remainder when 5754 is divided by 48?
42
What is the remainder when 153 is divided by 11?
10
Calculate the remainder when 86 is divided by 44.
42
What is the remainder when 93 is divided by 46?
1
What is the remainder when 180 is divided by 62?
56
What is the remainder when 2671 is divided by 57?
49
Calculate the remainder when 3773 is divided by 64.
61
Calculate the remainder when 50 is divided by 20.
10
What is the remainder when 1191 is divided by 149?
148
What is the remainder when 43 is divided by 30?
13
Calculate the remainder when 826 is divided by 61.
33
Calculate the remainder when 141 is divided by 2.
1
What is the remainder when 8607 is divided by 70?
67
What is the remainder when 343 is divided by 35?
28
What is the remainder when 172 is divided by 35?
32
Calculate the remainder when 2735 is divided by 114.
113
What is the remainder when 102 is divided by 45?
12
What is the remainder when 72 is divided by 19?
15
Calculate the remainder when 10206 is divided by 74.
68
Calculate the remainder when 112 is divided by 4.
0
What is the remainder when 2771 is divided by 49?
27
Calculate the remainder when 18229 is divided by 103.
101
Calculate the remainder when 34 is divided by 6.
4
Calculate the remainder when 7934 is divided by 2642.
8
What is the remainder when 9340 is divided by 15?
10
What is the remainder when 12403 is divided by 66?
61
Calculate the remainder when 8701 is divided by 34.
31
What is the remainder when 116 is divided by 60?
56
What is the remainder when 758 is divided by 32?
22
Calculate the remainder when 1478 is divided by 29.
28
What is the remainder when 107 is divided by 29?
20
What is the remainder when 146 is divided by 31?
22
What is the remainder when 446 is divided by 142?
20
Calculate the remainder when 581 is divided by 139.
25
What is the remainder when 369 is divided by 4?
1
What is the remainder when 53 is divided by 9?
8
Calculate the remainder when 276 is divided by 135.
6
What is the remainder when 77 is divided by 9?
5
Calculate the remainder when 300 is divided by 75.
0
What is the remainder when 62 is divided by 16?
14
What is the remainder when 1502 is divided by 80?
62
What is the remainder when 41 is divided by 16?
9
What is the remainder when 57 is divided by 6?
3
Calculate the remainder when 319 is divided by 9.
4
What is the remainder when 822 is divided by 25?
22
Calculate the remainder when 338 is divided by 114.
110
What is the remainder when 772 is divided by 25?
22
Calculate the remainder when 154 is divided by 40.
34
Calculate the remainder when 1298 is divided by 39.
11
What is the remainder when 366 is divided by 69?
21
Calculate the remainder when 2603 is divided by 42.
41
Calculate the remainder when 184 is divided by 17.
14
What is the remainder when 284 is divided by 15?
14
Calculate the remainder when 3610 is divided by 21.
19
What is the remainder when 70 is divided by 20?
10
What is the remainder when 108 is divided by 37?
34
What is the remainder when 59 is divided by 29?
1
What is the remainder when 2644 is divided by 54?
52
What is the remainder when 30 is divided by 2?
0
Calculate the remainder when 83 is divided by 5.
3
What is the remainder when 215 is divided by 3?
2
Calculate the remainder when 87 is divided by 9.
6
Calculate the remainder when 11658 is divided by 44.
42
What is the remainder when 414 is divided by 8?
6
What is the remainder when 2376 is divided by 70?
66
What is the remainder when 842 is divided by 13?
10
Calculate the remainder when 349 is divided by 13.
11
What is the remainder when 247 is divided by 8?
7
Calculate the remainder when 258 is divided by 3.
0
What is the remainder when 423 is divided by 121?
60
Calculate the remainder when 2095 is divided by 88.
71
What is the remainder when 114 is divided by 24?
18
What is the remainder when 29495 is divided by 24?
23
What is the remainder when 122 is divided by 52?
18
What is the remainder when 696 is divided by 181?
153
What is the remainder when 6529 is divided by 2169?
22
Calculate the remainder when 365 is divided by 115.
20
Calculate the remainder when 1331 is divided by 43.
41
Calculate the remainder when 10 is divided by 3.
1
Calculate the remainder when 3005 is divided by 1000.
5
What is the remainder when 1773 is divided by 99?
90
Calculate the remainder when 2304 is divided by 11.
5
Calculate the remainder when 35152 is divided by 126.
124
What is the remainder when 631 is divided by 58?
51
What is the remainder when 1205 is divided by 31?
27
Calculate the remainder when 106 is divided by 37.
32
What is the r